or of f and 35.
7
Suppose 2*y + t - 422 = -0*t, 0 = -4*t. Let v = y - 139. Calculate the greatest common factor of 8 and v.
8
Let u = 777 + 39. What is the highest common factor of 510 and u?
102
Let g = -30906 + 30921. Suppose -c = w + 34 - 174, 3*c + 5*w - 430 = 0. Calculate the highest common divisor of c and g.
15
Let b(v) = 2*v - 8. Let q be b(6). Let s be 9/21 + 21 + 2002/(-98). What is the highest common divisor of s and q?
1
Let f(a) = -8*a**2 - 9*a - 4. Let m be f(4). Let l = m + 180. Let j be 2 - 4 - -113 - 3. Calculate the greatest common factor of l and j.
12
Let t be ((-55)/550)/(2/4) - (-4532)/10. Calculate the greatest common divisor of 7399 and t.
151
Let n(b) = 2*b + 42. Let j be n(-18). Suppose -5*t - 5 = -j*t. Let u be (-121)/(-4) + t/60*-3. What is the highest common factor of 20 and u?
10
Suppose 0 = 6*b - 4*b - 1512. Suppose 210 = 2*j + s - 168, 4*j + 5*s - b = 0. Let p be ((-4)/2)/((-42)/j). What is the highest common factor of p and 144?
9
Suppose 4*s - 251 = 225. Let o(k) = -4*k**3 + 18*k**2 + 20*k + 1. Let d be o(5). What is the greatest common divisor of d and s?
17
Suppose -5*a - 4 = 26. Let n be (-6)/3*(-3)/a. Let x be 3 - ((n - -1) + 0). What is the highest common factor of x and 9?
3
Let l(r) = 6*r - 33. Let i be l(15). Let x = 18 + i. Suppose 2*m - x = -m. Calculate the greatest common divisor of m and 100.
25
Suppose 0 = 13*n + 2191 - 9263. What is the highest common divisor of n and 1312?
32
Suppose -331*s - 84182 = -775310. What is the highest common divisor of s and 3016?
232
Let z(t) = -2*t - 17. Let d = 8 - 19. Let j be z(d). Suppose -3*p + 6 = 3*h, -4*h + j + 6 = 5*p. Calculate the greatest common factor of 33 and p.
3
Suppose 0 = -34*w + 365*w - 41706. Calculate the highest common factor of w and 224.
14
Let c be (-1718)/(-6) + (-2)/(-9 - -15). Calculate the greatest common factor of c and 154.
22
Suppose 144*n + 357 = 5064 + 7101. Calculate the greatest common divisor of 54 and n.
2
Let y(a) = 19*a + 5. Let l be y(4). Let z be (-47 + 7505/158)/(2/4). Calculate the greatest common divisor of z and l.
1
Let w(r) = 50*r + 3953. Let f be w(-77). What is the highest common factor of f and 412?
103
Let g = -7411 - -7451. Calculate the highest common divisor of g and 2170.
10
Suppose 3 = -p - 0*p, -4*p - 69 = 3*i. Let v = 149 + i. Suppose r - v = -3*x - 0*r, -x + 45 = 2*r. What is the greatest common divisor of 43 and x?
43
Suppose 422*g - 857*g + 471*g - 129780 = 0. What is the highest common divisor of g and 70?
35
Let h(w) = w**2 - 119*w + 236. Let f be h(2). Suppose p = -0*p - 3. Let v be (-55)/p + (-2)/6. What is the highest common factor of v and f?
2
Let x(l) = 28*l + 1908. Let h be x(-62). Calculate the greatest common factor of 43 and h.
43
Suppose r = -m + 131, -2*m + 259 = 54*r - 49*r. Calculate the greatest common divisor of 40 and m.
4
Let j(p) be the second derivative of -40*p**3/3 - 12*p**2 + 43*p - 1. Let u be j(-1). Calculate the greatest common divisor of 42 and u.
14
Let t(x) = 9*x**2 - 32*x - 34. Let z be t(5). Suppose 620 = 3*v + 2*v. What is the greatest common factor of z and v?
31
Let n(v) = 13*v**2 - 17. Let g be n(-5). Let x = g + -264. What is the highest common divisor of x and 154?
22
Let c be -7 + (-13)/(169/(-728)). What is the greatest common factor of 6125 and c?
49
Let q(d) be the third derivative of -d**6/120 + 3*d**5/20 + 3*d**4/8 + 5*d**3/3 - 6*d**2. Let n be q(-3). What is the greatest common divisor of n and 13?
13
Let b = 20 + -16. Suppose z - 42 = -4*h - z, 3*h - 44 = -b*z. Let q = -58 - -130. What is the highest common divisor of q and h?
8
Let d(j) = -4*j**3 + j**2 + 15*j - 7. Let q be d(-3). Suppose -58*b = -q*b + 70. Calculate the greatest common factor of 58 and b.
2
Suppose 0 = 5*f - 20. Suppose 0 = -3*x + 7 + 5, -x - 436 = -f*c. Calculate the greatest common divisor of 20 and c.
10
Let p(l) = -9*l - 48. Let r(t) = -t**3 - 13*t**2 + 29*t - 23. Let v be r(-15). Let b be p(v). Calculate the greatest common factor of b and 36.
12
Let n = 4420 - 1661. Calculate the greatest common factor of n and 445.
89
Let n = 2806 + -2719. What is the greatest common factor of 319 and n?
29
Let i(v) = -2*v**3 + 17*v**2 + 10*v + 26. Let t be i(9). Suppose 10*x - t = 105. Calculate the greatest common factor of 154 and x.
14
Let y(s) = -2*s**2 + 31*s - 23. Let r be y(15). Let t be (-37 + r)/(3/(-2)). What is the greatest common divisor of 15 and t?
15
Suppose 0 = 201*v - 190*v - 55. Let t = 32 - 28. Suppose t*k - 77 = 83. Calculate the greatest common divisor of k and v.
5
Let t(b) = b + 19. Let n be t(20). Let k(x) = -89*x - 93. Let j be k(-12). Calculate the greatest common divisor of n and j.
39
Let s = -317 - -630. Let x = s + -307. Calculate the greatest common factor of 81 and x.
3
Let s = -39 + 45. Let d be 8/s*(7 - 4). Let j be (-1)/(d/(-8)) + 4. Calculate the greatest common factor of 54 and j.
6
Suppose 2 = 46*n - 45*n. Suppose -7*h - 170 = -n*h. Let c be h/(-6) + (-2)/3. What is the highest common factor of 2 and c?
1
Suppose 0*j = -4*j + 96. Let s be (-8 - (-1525)/40) + 5 + 123/(-24). What is the highest common divisor of j and s?
6
Let f be ((-1 + 15)*(-7)/(-35) - 4)*-5. What is the greatest common divisor of 366 and f?
6
Let d be ((-24)/7)/((-468)/42 + 11). Let t = 2857 - 1681. What is the greatest common factor of d and t?
24
Let l = 2966 + -2584. Calculate the greatest common factor of l and 10887.
191
Suppose -407500 = -489*k + 163*k. Calculate the greatest common factor of 1275 and k.
25
Suppose 45*l - 19*l = -54*l + 7040. Calculate the highest common divisor of 11264 and l.
88
Let g be ((-4)/(-3))/(2/(-543)). Let i = -338 - g. What is the greatest common divisor of 42 and i?
6
Let z = 241 + -223. Let s be z/4 + 155/(-62). What is the greatest common divisor of s and 1?
1
Let j(p) = 452*p**3 - 2*p**2 + 94*p - 192. Let f be j(2). Calculate the highest common divisor of 476 and f.
68
Suppose -2*l + 256 = -30. Let j = -93 + l. Calculate the greatest common factor of 200 and j.
50
Suppose -b + 3*g + 31 = -0*b, 3*b - 65 = -5*g. Suppose -3*o + 87 = 3*n, 174 - 41 = 5*o + 2*n. What is the highest common divisor of b and o?
25
Suppose -w - 8 = 3*s, -2 = 3*s + 10. Suppose g - 4*q = 214, -7*g - 4*q + 706 = -w*g. Calculate the highest common factor of 10 and g.
10
Let j(w) = -w + 17. Let a = 73 - 70. Suppose a*s + 32 = 17. Let l be j(s). What is the highest common divisor of l and 44?
22
Let g = 105 - 75. Suppose g = 5*b - 45. What is the highest common factor of b and 90?
15
Let a(n) = n**3 + 7*n**2 + 5*n - 4. Let v be a(-6). Suppose 220*j = 16094 + 2826. What is the greatest common divisor of v and j?
2
Suppose -4*c - b = 20, -b = -c - 2 - 8. Let h be 25 - -2*3/c. Let u(z) = 30*z - 66. Let d be u(3). Calculate the greatest common divisor of d and h.
24
Let w(h) = 3*h - 18. Let k be w(12). Suppose 0*v = -v + 7. Suppose v*o + 946 = k*o. Calculate the highest common factor of o and 43.
43
Suppose -17*y = -15 - 2. Let h be 6/3 - (y - (507 + -2)). Calculate the greatest common divisor of 23 and h.
23
Suppose -4*z - 100535 = -53*z - 33650. What is the highest common divisor of 2639 and z?
91
Suppose 3*s + 2*k - 44 = 0, -4*k - 92 = 3*s - 7*s. Let t = -140 + 258. Let y = t - 46. Calculate the greatest common divisor of y and s.
18
Suppose -27*h + 6 + 75 = 0. Suppose 3822 = 3*o - 3*g, h*o - 2*g = -o + 5094. Calculate the highest common divisor of o and 19.
19
Suppose -3*d + 1734 = 3*s, -19*s + 20*s = -5*d + 2882. Calculate the greatest common factor of 240 and d.
48
Suppose -7*x - 77 = h - 96, 5*x = 5*h - 55. What is the highest common divisor of h and 29628?
12
Let x(b) = -b**3 + 24*b**2 + 14. Let s be 1*3 - ((1 - 6) + 6). Let n = 26 - s. Let j be x(n). Calculate the greatest common factor of 70 and j.
14
Let n(h) = h**2 - 2*h. Let o be n(-5). Suppose 5*v + 90 = 3*u, 4*v - 1075 = 5*u - 1212. Calculate the highest common divisor of o and u.
5
Let g = 38 - 23. Let p be (-2)/(-6) - (-595)/g. Let l = 903 - 543. What is the highest common divisor of l and p?
40
Let u(x) = x**3 - 8*x**2 - 2*x + 21. Let q be u(9). Suppose 5*k - 3*s - 2*s - 190 = 0, -2*s + q = 2*k. What is the greatest common divisor of k and 104?
8
Let h be (-2 - (-15)/10)*(-31)/((-31)/(-676)). What is the highest comm